{"id":25238,"date":"2026-02-14T16:50:05","date_gmt":"2026-02-14T07:50:05","guid":{"rendered":"https:\/\/sfashionaccessories.com\/?post_type=product&#038;p=25238"},"modified":"2026-04-13T20:06:49","modified_gmt":"2026-04-13T11:06:49","slug":"sabonete-liquido-da-cabeca-aos-pes-mamae-e-bebe","status":"publish","type":"product","link":"https:\/\/sfashionaccessories.com\/?product=sabonete-liquido-da-cabeca-aos-pes-mamae-e-bebe","title":{"rendered":"Sabonete L\u00edquido da Cabe\u00e7a aos P\u00e9s Mam\u00e3e e Beb\u00ea-400ml"},"content":{"rendered":"<div class=\"relative flex\">\n<div class=\"flex gap-2 items-center\"><span class=\"text-sm font-bold\">limpeza suave e delicada desde o primeiro banho.<\/span><\/div>\n<\/div>\n<div class=\"relative flex\">\n<div class=\"flex gap-2 items-center\">\n<p>Natura Mam\u00e3e e Beb\u00ea Sabonete L\u00edquido da Cabe\u00e7a aos P\u00e9s foi desenvolvido especialmente para cuidar da pele delicada do beb\u00ea e da mam\u00e3e com carinho e cuidado. sua f\u00f3rmula suave, livre de parabenos e corantes, limpa delicadamente a pele, removendo as impurezas sem ressec\u00e1-la. com fragr\u00e2ncia suave e f\u00f3rmula hipoalerg\u00eanica, ele \u00e9 ideal para o banho do beb\u00ea e para a pele sens\u00edvel da mam\u00e3e. todos os produtos para o beb\u00ea s\u00e3o hipoalerg\u00eanicos. estes produtos foram formulados de maneira a minimizar poss\u00edvel surgimento de alergia.<\/p>\n<p><strong>benef\u00edcios:<\/strong><\/p>\n<ul>\n<li>f\u00f3rmula 100% segura.<\/li>\n<li>limpeza delicada.<\/li>\n<li>mant\u00e9m a hidrata\u00e7\u00e3o da pele do beb\u00ea.<\/li>\n<li>somente com o essencial para a pele sens\u00edvel do beb\u00ea.<\/li>\n<li>n\u00e3o arde os olhos.<\/li>\n<li>frasco 100% pl\u00e1stico verde. 400ml<\/li>\n<li>dermatologicamente e oftalmologicamente testado.<\/li>\n<li>sem ingredientes controversos.<\/li>\n<\/ul>\n<\/div>\n<\/div>\n","protected":false},"excerpt":{"rendered":"<p>limpeza suave e delicada desde o primeiro banho. Natura Mam\u00e3e e Beb\u00ea Sabonete L\u00edquido da Cabe\u00e7a aos P\u00e9s foi desenvolvido especialmente para cuidar da pele delicada do beb\u00ea e da mam\u00e3e com carinho e cuidado. sua f\u00f3rmula suave, livre de parabenos e corantes, limpa delicadamente a pele, removendo as impurezas sem ressec\u00e1-la. com fragr\u00e2ncia suave [&hellip;]<\/p>\n","protected":false},"featured_media":25236,"comment_status":"open","ping_status":"closed","template":"","meta":{"_kadence_starter_templates_imported_post":false},"product_brand":[],"product_cat":[465,206,739,203,228],"product_tag":[272,234,191,190],"class_list":{"0":"post-25238","1":"product","2":"type-product","3":"status-publish","4":"has-post-thumbnail","6":"product_cat-anuncios","7":"product_cat-cosmeticos-cremes-hidradantesperfumes","8":"product_cat-mamae-e-bebe","9":"product_cat-natura-creme-oleo-sabonete-perfume","10":"product_cat-sabonete-sabonete-liquido-natura","11":"product_tag-cosmeticos","12":"product_tag-natura","13":"product_tag-sabonete","14":"product_tag-sabonete-liquido","16":"first","17":"instock","18":"shipping-taxable","19":"purchasable","20":"product-type-simple"},"_links":{"self":[{"href":"https:\/\/sfashionaccessories.com\/index.php?rest_route=\/wp\/v2\/product\/25238","targetHints":{"allow":["GET"]}}],"collection":[{"href":"https:\/\/sfashionaccessories.com\/index.php?rest_route=\/wp\/v2\/product"}],"about":[{"href":"https:\/\/sfashionaccessories.com\/index.php?rest_route=\/wp\/v2\/types\/product"}],"replies":[{"embeddable":true,"href":"https:\/\/sfashionaccessories.com\/index.php?rest_route=%2Fwp%2Fv2%2Fcomments&post=25238"}],"wp:featuredmedia":[{"embeddable":true,"href":"https:\/\/sfashionaccessories.com\/index.php?rest_route=\/wp\/v2\/media\/25236"}],"wp:attachment":[{"href":"https:\/\/sfashionaccessories.com\/index.php?rest_route=%2Fwp%2Fv2%2Fmedia&parent=25238"}],"wp:term":[{"taxonomy":"product_brand","embeddable":true,"href":"https:\/\/sfashionaccessories.com\/index.php?rest_route=%2Fwp%2Fv2%2Fproduct_brand&post=25238"},{"taxonomy":"product_cat","embeddable":true,"href":"https:\/\/sfashionaccessories.com\/index.php?rest_route=%2Fwp%2Fv2%2Fproduct_cat&post=25238"},{"taxonomy":"product_tag","embeddable":true,"href":"https:\/\/sfashionaccessories.com\/index.php?rest_route=%2Fwp%2Fv2%2Fproduct_tag&post=25238"}],"curies":[{"name":"wp","href":"https:\/\/api.w.org\/{rel}","templated":true}]}}