{"id":25528,"date":"2026-03-13T18:31:50","date_gmt":"2026-03-13T09:31:50","guid":{"rendered":"https:\/\/sfashionaccessories.com\/?post_type=product&#038;p=25528"},"modified":"2026-03-18T13:36:20","modified_gmt":"2026-03-18T04:36:20","slug":"natura-deo-parfum-essencial-palo-santo-masculino-100ml","status":"publish","type":"product","link":"https:\/\/sfashionaccessories.com\/?product=natura-deo-parfum-essencial-palo-santo-masculino-100ml","title":{"rendered":"Natura Deo Parfum Essencial Palo Santo Masculino &#8211; 100ml"},"content":{"rendered":"<p>O perfume Palo Santo oferece uma fragr\u00e2ncia intensa com um alto n\u00edvel de concentra\u00e7\u00e3o. Ao contr\u00e1rio dos eau de toilette, \u00e9 recomendado para o inverno e noites intermin\u00e1veis, pois dura muitas horas na pele.<\/p>\n<p>Uma fragr\u00e2ncia que nos inspira a acreditar no nosso poder de realizar.<br \/>\nPara homens que acreditam no seu poder de realizar. Uma fragr\u00e2ncia intensa e exuberante que traz a preciosidade do Palo Santo em uma combina\u00e7\u00e3o in\u00e9dita do amendoado cumaru, tesouro da Amaz\u00f4nia, unindo-se \u00e0s melhores madeiras da perfumaria.<br \/>\nFragr\u00e2ncia Amadeirado Intenso:<br \/>\nUma fragr\u00e2ncia intensa e exuberante que traz o Palo Santo, uma das madeiras mais perfumadas do mundo, usada como um incenso natural para atrair prosperidade e abrir caminhos, em uma combina\u00e7\u00e3o in\u00e9dita com a for\u00e7a e calor amendoado do fascinante cumaru, tesouro da Amaz\u00f4nia, real\u00e7ado por especiarias e notas intensas de s\u00e2ndalo e cedro.<br \/>\nConte\u00fado: 100ml<\/p>\n","protected":false},"excerpt":{"rendered":"<p>O perfume Palo Santo oferece uma fragr\u00e2ncia intensa com um alto n\u00edvel de concentra\u00e7\u00e3o. Ao contr\u00e1rio dos eau de toilette, \u00e9 recomendado para o inverno e noites intermin\u00e1veis, pois dura muitas horas na pele. Uma fragr\u00e2ncia que nos inspira a acreditar no nosso poder de realizar. Para homens que acreditam no seu poder de realizar. [&hellip;]<\/p>\n","protected":false},"featured_media":25530,"comment_status":"open","ping_status":"closed","template":"","meta":{"_kadence_starter_templates_imported_post":false},"product_brand":[],"product_cat":[465,206,277,580,294,203,251,231],"product_tag":[272,234,401,1083],"class_list":{"0":"post-25528","1":"product","2":"type-product","3":"status-publish","4":"has-post-thumbnail","6":"product_cat-anuncios","7":"product_cat-cosmeticos-cremes-hidradantesperfumes","8":"product_cat-desodorante-masculino","9":"product_cat-destaques","10":"product_cat-masculino","11":"product_cat-natura-creme-oleo-sabonete-perfume","12":"product_cat-perfume-perfumes","13":"product_cat-perfumes-natura","14":"product_tag-cosmeticos","15":"product_tag-natura","16":"product_tag-perfumes","17":"product_tag-perfumes-masculinos","19":"first","20":"instock","21":"sale","22":"shipping-taxable","23":"purchasable","24":"product-type-simple"},"_links":{"self":[{"href":"https:\/\/sfashionaccessories.com\/index.php?rest_route=\/wp\/v2\/product\/25528","targetHints":{"allow":["GET"]}}],"collection":[{"href":"https:\/\/sfashionaccessories.com\/index.php?rest_route=\/wp\/v2\/product"}],"about":[{"href":"https:\/\/sfashionaccessories.com\/index.php?rest_route=\/wp\/v2\/types\/product"}],"replies":[{"embeddable":true,"href":"https:\/\/sfashionaccessories.com\/index.php?rest_route=%2Fwp%2Fv2%2Fcomments&post=25528"}],"wp:featuredmedia":[{"embeddable":true,"href":"https:\/\/sfashionaccessories.com\/index.php?rest_route=\/wp\/v2\/media\/25530"}],"wp:attachment":[{"href":"https:\/\/sfashionaccessories.com\/index.php?rest_route=%2Fwp%2Fv2%2Fmedia&parent=25528"}],"wp:term":[{"taxonomy":"product_brand","embeddable":true,"href":"https:\/\/sfashionaccessories.com\/index.php?rest_route=%2Fwp%2Fv2%2Fproduct_brand&post=25528"},{"taxonomy":"product_cat","embeddable":true,"href":"https:\/\/sfashionaccessories.com\/index.php?rest_route=%2Fwp%2Fv2%2Fproduct_cat&post=25528"},{"taxonomy":"product_tag","embeddable":true,"href":"https:\/\/sfashionaccessories.com\/index.php?rest_route=%2Fwp%2Fv2%2Fproduct_tag&post=25528"}],"curies":[{"name":"wp","href":"https:\/\/api.w.org\/{rel}","templated":true}]}}