{"id":25528,"date":"2026-07-22T18:05:50","date_gmt":"2026-07-22T09:05:50","guid":{"rendered":"https:\/\/sfashionaccessories.com\/?post_type=product&#038;p=25528"},"modified":"2026-08-12T16:42:43","modified_gmt":"2026-08-12T07:42:43","slug":"natura-deo-parfum-essencial-palo-santo-masculino-100ml","status":"publish","type":"product","link":"https:\/\/sfashionaccessories.com\/?product=natura-deo-parfum-essencial-palo-santo-masculino-100ml","title":{"rendered":"Natura Deo Parfum Essencial Palo Santo Masculino &#8211; 100ml"},"content":{"rendered":"<div dir=\"auto\"><span class=\"html-span xexx8yu xyri2b x18d9i69 x1c1uobl x1hl2dhg x16tdsg8 x1vvkbs x3nfvp2 x1j61x8r x1fcty0u xdj266r xat24cr xm2jcoa x1mpyi22 xxymvpz xlup9mm x1kky2od\"><img decoding=\"async\" class=\"xz74otr x15mokao x1ga7v0g x16uus16 xbiv7yw\" src=\"https:\/\/static.xx.fbcdn.net\/images\/emoji.php\/v9\/t46\/1\/16\/1f90e.png\" alt=\"\ud83e\udd0e\" width=\"16\" height=\"16\" \/><\/span>A sofistica\u00e7\u00e3o tem um novo nome. Conhe\u00e7a o novo Essencial Palo Santo: a for\u00e7a da madeira em uma fragr\u00e2ncia inesquec\u00edvel. Garanta o seu pelo link na bio.<span class=\"html-span xexx8yu xyri2b x18d9i69 x1c1uobl x1hl2dhg x16tdsg8 x1vvkbs x3nfvp2 x1j61x8r x1fcty0u xdj266r xat24cr xm2jcoa x1mpyi22 xxymvpz xlup9mm x1kky2od\"><img decoding=\"async\" class=\"xz74otr x15mokao x1ga7v0g x16uus16 xbiv7yw\" src=\"https:\/\/static.xx.fbcdn.net\/images\/emoji.php\/v9\/t18\/1\/16\/1fa76.png\" alt=\"\ud83e\ude76\" width=\"16\" height=\"16\" \/><\/span> <span class=\"html-span xexx8yu xyri2b x18d9i69 x1c1uobl x1hl2dhg x16tdsg8 x1vvkbs x3nfvp2 x1j61x8r x1fcty0u xdj266r xat24cr xm2jcoa x1mpyi22 xxymvpz xlup9mm x1kky2od\"><img decoding=\"async\" class=\"xz74otr x15mokao x1ga7v0g x16uus16 xbiv7yw\" src=\"https:\/\/static.xx.fbcdn.net\/images\/emoji.php\/v9\/t46\/1\/16\/1f90e.png\" alt=\"\ud83e\udd0e\" width=\"16\" height=\"16\" \/><\/span> Deo Parfum amadeirado intenso. assinado pela perfumista Ver\u00f4nica Kato, destaca-se por sua alta sofistica\u00e7\u00e3o, combinando a madeira sagrada do Palo Santo com a for\u00e7a do cumaru amaz\u00f4nico.<\/div>\n<div dir=\"auto\"><span class=\"html-span xexx8yu xyri2b x18d9i69 x1c1uobl x1hl2dhg x16tdsg8 x1vvkbs x3nfvp2 x1j61x8r x1fcty0u xdj266r xat24cr xm2jcoa x1mpyi22 xxymvpz xlup9mm x1kky2od\"><img decoding=\"async\" class=\"xz74otr x15mokao x1ga7v0g x16uus16 xbiv7yw\" src=\"https:\/\/static.xx.fbcdn.net\/images\/emoji.php\/v9\/t18\/1\/16\/1fa76.png\" alt=\"\ud83e\ude76\" width=\"16\" height=\"16\" \/><\/span>Perfil Olfativo (Gota Olfativa)Notas de Sa\u00edda: Pimenta preta e cardamomo (abertura especiada e picante).<\/div>\n<div dir=\"auto\"><span class=\"html-span xexx8yu xyri2b x18d9i69 x1c1uobl x1hl2dhg x16tdsg8 x1vvkbs x3nfvp2 x1j61x8r x1fcty0u xdj266r xat24cr xm2jcoa x1mpyi22 xxymvpz xlup9mm x1kky2od\"><img decoding=\"async\" class=\"xz74otr x15mokao x1ga7v0g x16uus16 xbiv7yw\" src=\"https:\/\/static.xx.fbcdn.net\/images\/emoji.php\/v9\/t46\/1\/16\/1f90e.png\" alt=\"\ud83e\udd0e\" width=\"16\" height=\"16\" \/><\/span>Notas de Corpo: Sequoia brasileira, cypress (cipreste) e um leve toque de rosa.Notas de Fundo: Palo santo, cumaru (fava tonka), s\u00e2ndalo, cedro e \u00e2mbar<\/div>\n<p>Uma fragr\u00e2ncia que nos inspira a acreditar no nosso poder de realizar.<br \/>\nPara homens que acreditam no seu poder de realizar. Uma fragr\u00e2ncia intensa e exuberante que traz a preciosidade do Palo Santo em uma combina\u00e7\u00e3o in\u00e9dita do amendoado cumaru, tesouro da Amaz\u00f4nia, unindo-se \u00e0s melhores madeiras da perfumaria.<br \/>\nFragr\u00e2ncia Amadeirado Intenso:<br \/>\nUma fragr\u00e2ncia intensa e exuberante que traz o Palo Santo, uma das madeiras mais perfumadas do mundo, usada como um incenso natural para atrair prosperidade e abrir caminhos, em uma combina\u00e7\u00e3o in\u00e9dita com a for\u00e7a e calor amendoado do fascinante cumaru, tesouro da Amaz\u00f4nia, real\u00e7ado por especiarias e notas intensas de s\u00e2ndalo e cedro.<br \/>\nConte\u00fado: 100ml<\/p>\n","protected":false},"excerpt":{"rendered":"<p>A sofistica\u00e7\u00e3o tem um novo nome. Conhe\u00e7a o novo Essencial Palo Santo: a for\u00e7a da madeira em uma fragr\u00e2ncia inesquec\u00edvel. Garanta o seu pelo link na bio. Deo Parfum amadeirado intenso. assinado pela perfumista Ver\u00f4nica Kato, destaca-se por sua alta sofistica\u00e7\u00e3o, combinando a madeira sagrada do Palo Santo com a for\u00e7a do cumaru amaz\u00f4nico. Perfil [&hellip;]<\/p>\n","protected":false},"featured_media":26859,"comment_status":"open","ping_status":"closed","template":"","meta":{"_kadence_starter_templates_imported_post":false},"product_brand":[],"product_cat":[465,206,277,580,294,203,251,231],"product_tag":[272,234,401,1083],"class_list":["post-25528","product","type-product","status-publish","has-post-thumbnail","product_cat-anuncios","product_cat-cosmeticos-cremes-hidradantesperfumes","product_cat-desodorante-masculino","product_cat-destaques","product_cat-masculino","product_cat-natura-creme-oleo-sabonete-perfume","product_cat-perfume-perfumes","product_cat-perfumes-natura","product_tag-cosmeticos","product_tag-natura","product_tag-perfumes","product_tag-perfumes-masculinos","first","instock","sale","shipping-taxable","purchasable","product-type-simple"],"_links":{"self":[{"href":"https:\/\/sfashionaccessories.com\/index.php?rest_route=\/wp\/v2\/product\/25528","targetHints":{"allow":["GET"]}}],"collection":[{"href":"https:\/\/sfashionaccessories.com\/index.php?rest_route=\/wp\/v2\/product"}],"about":[{"href":"https:\/\/sfashionaccessories.com\/index.php?rest_route=\/wp\/v2\/types\/product"}],"replies":[{"embeddable":true,"href":"https:\/\/sfashionaccessories.com\/index.php?rest_route=%2Fwp%2Fv2%2Fcomments&post=25528"}],"wp:featuredmedia":[{"embeddable":true,"href":"https:\/\/sfashionaccessories.com\/index.php?rest_route=\/wp\/v2\/media\/26859"}],"wp:attachment":[{"href":"https:\/\/sfashionaccessories.com\/index.php?rest_route=%2Fwp%2Fv2%2Fmedia&parent=25528"}],"wp:term":[{"taxonomy":"product_brand","embeddable":true,"href":"https:\/\/sfashionaccessories.com\/index.php?rest_route=%2Fwp%2Fv2%2Fproduct_brand&post=25528"},{"taxonomy":"product_cat","embeddable":true,"href":"https:\/\/sfashionaccessories.com\/index.php?rest_route=%2Fwp%2Fv2%2Fproduct_cat&post=25528"},{"taxonomy":"product_tag","embeddable":true,"href":"https:\/\/sfashionaccessories.com\/index.php?rest_route=%2Fwp%2Fv2%2Fproduct_tag&post=25528"}],"curies":[{"name":"wp","href":"https:\/\/api.w.org\/{rel}","templated":true}]}}

<div dir="auto"><span class="html-span xexx8yu xyri2b x18d9i69 x1c1uobl x1hl2dhg x16tdsg8 x1vvkbs x3nfvp2 x1j61x8r x1fcty0u xdj266r xat24cr xm2jcoa x1mpyi22 xxymvpz xlup9mm x1kky2od"><img decoding="async" class="xz74otr x15mokao x1ga7v0g x16uus16 xbiv7yw" src="https://static.xx.fbcdn.net/images/emoji.php/v9/t46/1/16/1f90e.png" alt="🤎" width="16" height="16" /></span>A sofisticação tem um novo nome. Conheça o novo Essencial Palo Santo: a força da madeira em uma fragrância inesquecível. Garanta o seu pelo link na bio.<span class="html-span xexx8yu xyri2b x18d9i69 x1c1uobl x1hl2dhg x16tdsg8 x1vvkbs x3nfvp2 x1j61x8r x1fcty0u xdj266r xat24cr xm2jcoa x1mpyi22 xxymvpz xlup9mm x1kky2od"><img decoding="async" class="xz74otr x15mokao x1ga7v0g x16uus16 xbiv7yw" src="https://static.xx.fbcdn.net/images/emoji.php/v9/t18/1/16/1fa76.png" alt="🩶" width="16" height="16" /></span> <span class="html-span xexx8yu xyri2b x18d9i69 x1c1uobl x1hl2dhg x16tdsg8 x1vvkbs x3nfvp2 x1j61x8r x1fcty0u xdj266r xat24cr xm2jcoa x1mpyi22 xxymvpz xlup9mm x1kky2od"><img decoding="async" class="xz74otr x15mokao x1ga7v0g x16uus16 xbiv7yw" src="https://static.xx.fbcdn.net/images/emoji.php/v9/t46/1/16/1f90e.png" alt="🤎" width="16" height="16" /></span> Deo Parfum amadeirado intenso. assinado pela perfumista Verônica Kato, destaca-se por sua alta sofisticação, combinando a madeira sagrada do Palo Santo com a força do cumaru amazônico.</div>
<div dir="auto"><span class="html-span xexx8yu xyri2b x18d9i69 x1c1uobl x1hl2dhg x16tdsg8 x1vvkbs x3nfvp2 x1j61x8r x1fcty0u xdj266r xat24cr xm2jcoa x1mpyi22 xxymvpz xlup9mm x1kky2od"><img decoding="async" class="xz74otr x15mokao x1ga7v0g x16uus16 xbiv7yw" src="https://static.xx.fbcdn.net/images/emoji.php/v9/t18/1/16/1fa76.png" alt="🩶" width="16" height="16" /></span>Perfil Olfativo (Gota Olfativa)Notas de Saída: Pimenta preta e cardamomo (abertura especiada e picante).</div>
<div dir="auto"><span class="html-span xexx8yu xyri2b x18d9i69 x1c1uobl x1hl2dhg x16tdsg8 x1vvkbs x3nfvp2 x1j61x8r x1fcty0u xdj266r xat24cr xm2jcoa x1mpyi22 xxymvpz xlup9mm x1kky2od"><img decoding="async" class="xz74otr x15mokao x1ga7v0g x16uus16 xbiv7yw" src="https://static.xx.fbcdn.net/images/emoji.php/v9/t46/1/16/1f90e.png" alt="🤎" width="16" height="16" /></span>Notas de Corpo: Sequoia brasileira, cypress (cipreste) e um leve toque de rosa.Notas de Fundo: Palo santo, cumaru (fava tonka), sândalo, cedro e âmbar</div>
<p>Uma fragrância que nos inspira a acreditar no nosso poder de realizar.<br />
Para homens que acreditam no seu poder de realizar. Uma fragrância intensa e exuberante que traz a preciosidade do Palo Santo em uma combinação inédita do amendoado cumaru, tesouro da Amazônia, unindo-se às melhores madeiras da perfumaria.<br />
Fragrância Amadeirado Intenso:<br />
Uma fragrância intensa e exuberante que traz o Palo Santo, uma das madeiras mais perfumadas do mundo, usada como um incenso natural para atrair prosperidade e abrir caminhos, em uma combinação inédita com a força e calor amendoado do fascinante cumaru, tesouro da Amazônia, realçado por especiarias e notas intensas de sândalo e cedro.<br />
Conteúdo: 100ml</p>

<p>A sofisticação tem um novo nome. Conheça o novo Essencial Palo Santo: a força da madeira em uma fragrância inesquecível. Garanta o seu pelo link na bio. Deo Parfum amadeirado intenso. assinado pela perfumista Verônica Kato, destaca-se por sua alta sofisticação, combinando a madeira sagrada do Palo Santo com a força do cumaru amazônico. Perfil [&hellip;]</p>
