{"id":25796,"date":"2026-04-13T16:02:19","date_gmt":"2026-04-13T07:02:19","guid":{"rendered":"https:\/\/sfashionaccessories.com\/?post_type=product&#038;p=25796"},"modified":"2026-04-13T16:02:19","modified_gmt":"2026-04-13T07:02:19","slug":"brinco-coracao-semijoia-zirconia-verde","status":"publish","type":"product","link":"https:\/\/sfashionaccessories.com\/?product=brinco-coracao-semijoia-zirconia-verde","title":{"rendered":"Brinco Coracao  Semijoia Zirconia Verde"},"content":{"rendered":"<p>Uma pe\u00e7a cl\u00e1ssica e delicada, essas palavras definem bem o par de brincos com pedra de cora\u00e7\u00e3o de zirc\u00f4nia. Perfeito para milhares de ocasi\u00f5es, ele com certeza vai transformar e real\u00e7ar o seu visual com essa linda pedra de zirc\u00f4nia em formato de cora\u00e7\u00e3o na cor verde turmalina e brilhante<\/p>\n","protected":false},"excerpt":{"rendered":"<p>Uma pe\u00e7a cl\u00e1ssica e delicada, essas palavras definem bem o par de brincos com pedra de cora\u00e7\u00e3o de zirc\u00f4nia. Perfeito para milhares de ocasi\u00f5es, ele com certeza vai transformar e real\u00e7ar o seu visual com essa linda pedra de zirc\u00f4nia em formato de cora\u00e7\u00e3o na cor verde turmalina e brilhante<\/p>\n","protected":false},"featured_media":25799,"comment_status":"open","ping_status":"closed","template":"","meta":{"_kadence_starter_templates_imported_post":false},"product_brand":[],"product_cat":[200,465,369,209],"product_tag":[182,371,973],"class_list":{"0":"post-25796","1":"product","2":"type-product","3":"status-publish","4":"has-post-thumbnail","6":"product_cat-acessorios-bijuterias-semi-joias","7":"product_cat-anuncios","8":"product_cat-brincos","9":"product_cat-semi-joias","10":"product_tag-acessorios","11":"product_tag-brincos","12":"product_tag-semijoias","14":"first","15":"instock","16":"shipping-taxable","17":"purchasable","18":"product-type-simple"},"_links":{"self":[{"href":"https:\/\/sfashionaccessories.com\/index.php?rest_route=\/wp\/v2\/product\/25796","targetHints":{"allow":["GET"]}}],"collection":[{"href":"https:\/\/sfashionaccessories.com\/index.php?rest_route=\/wp\/v2\/product"}],"about":[{"href":"https:\/\/sfashionaccessories.com\/index.php?rest_route=\/wp\/v2\/types\/product"}],"replies":[{"embeddable":true,"href":"https:\/\/sfashionaccessories.com\/index.php?rest_route=%2Fwp%2Fv2%2Fcomments&post=25796"}],"wp:featuredmedia":[{"embeddable":true,"href":"https:\/\/sfashionaccessories.com\/index.php?rest_route=\/wp\/v2\/media\/25799"}],"wp:attachment":[{"href":"https:\/\/sfashionaccessories.com\/index.php?rest_route=%2Fwp%2Fv2%2Fmedia&parent=25796"}],"wp:term":[{"taxonomy":"product_brand","embeddable":true,"href":"https:\/\/sfashionaccessories.com\/index.php?rest_route=%2Fwp%2Fv2%2Fproduct_brand&post=25796"},{"taxonomy":"product_cat","embeddable":true,"href":"https:\/\/sfashionaccessories.com\/index.php?rest_route=%2Fwp%2Fv2%2Fproduct_cat&post=25796"},{"taxonomy":"product_tag","embeddable":true,"href":"https:\/\/sfashionaccessories.com\/index.php?rest_route=%2Fwp%2Fv2%2Fproduct_tag&post=25796"}],"curies":[{"name":"wp","href":"https:\/\/api.w.org\/{rel}","templated":true}]}}