{"id":25868,"date":"2026-04-13T20:03:07","date_gmt":"2026-04-13T11:03:07","guid":{"rendered":"https:\/\/sfashionaccessories.com\/?post_type=product&#038;p=25868"},"modified":"2026-04-13T20:03:07","modified_gmt":"2026-04-13T11:03:07","slug":"desodorante-leite-de-rosas-tradicional-60ml","status":"publish","type":"product","link":"https:\/\/sfashionaccessories.com\/?product=desodorante-leite-de-rosas-tradicional-60ml","title":{"rendered":"Desodorante Leite de Rosas Tradicional 60ML"},"content":{"rendered":"<div id=\"ProdAbas\" class=\"abasProduto\"><\/div>\n<div id=\"descricao\" class=\"prodBox product__description\">\n<div class=\"product__board\">\n<h3><strong>Desodorante Leite de Rosas Tradicional 60ML<\/strong><\/h3>\n<p>Experimente a limpeza profunda e a sensa\u00e7\u00e3o de frescor com o Desodorante Leite de Rosas Tradicional 60ML. Um cl\u00e1ssico da beleza brasileira, este produto vers\u00e1til \u00e9 um verdadeiro aliado para sua rotina de cuidados pessoais, oferecendo benef\u00edcios que v\u00e3o al\u00e9m da limpeza.<\/p>\n<p><strong>Caracter\u00edsticas do Produto:<\/strong><\/p>\n<ul>\n<li><strong>F\u00f3rmula Tradicional<\/strong>: A combina\u00e7\u00e3o cl\u00e1ssica de ingredientes eficazes que garante uma pele purificada e saud\u00e1vel.<\/li>\n<li><strong>Fragr\u00e2ncia Suave<\/strong>: Perfume agrad\u00e1vel e delicado que proporciona uma sensa\u00e7\u00e3o de frescor e bem-estar.<\/li>\n<\/ul>\n<p>&nbsp;<\/p>\n<p><strong>Benef\u00edcios:<\/strong><\/p>\n<ul>\n<li><strong>Sensa\u00e7\u00e3o de Frescor<\/strong>: Fragr\u00e2ncia suave e sensa\u00e7\u00e3o refrescante que deixam a pele cheirosa.<\/li>\n<\/ul>\n<p><strong>Ideal Para:<\/strong><\/p>\n<ul>\n<li><strong>Todos os Tipos de Pele<\/strong>: Adequado para peles normais, oleosas, mistas e at\u00e9 mesmo as mais sens\u00edveis.<\/li>\n<li><strong>Uso Di\u00e1rio<\/strong>: Perfeito para ser incorporado na rotina de cuidados di\u00e1rios.<\/li>\n<\/ul>\n<\/div>\n<\/div>\n","protected":false},"excerpt":{"rendered":"<p>Desodorante Leite de Rosas Tradicional 60ML Experimente a limpeza profunda e a sensa\u00e7\u00e3o de frescor com o Desodorante Leite de Rosas Tradicional 60ML. Um cl\u00e1ssico da beleza brasileira, este produto vers\u00e1til \u00e9 um verdadeiro aliado para sua rotina de cuidados pessoais, oferecendo benef\u00edcios que v\u00e3o al\u00e9m da limpeza. Caracter\u00edsticas do Produto: F\u00f3rmula Tradicional: A combina\u00e7\u00e3o [&hellip;]<\/p>\n","protected":false},"featured_media":25870,"comment_status":"open","ping_status":"closed","template":"","meta":{"_kadence_starter_templates_imported_post":false},"product_brand":[],"product_cat":[826,206,322,276,278,580],"product_tag":[272,239],"class_list":{"0":"post-25868","1":"product","2":"type-product","3":"status-publish","4":"has-post-thumbnail","6":"product_cat-agua-de-colonia","7":"product_cat-cosmeticos-cremes-hidradantesperfumes","8":"product_cat-cremes-hidratantes-oleos","9":"product_cat-desodorante","10":"product_cat-desodorante-feminino","11":"product_cat-destaques","12":"product_tag-cosmeticos","13":"product_tag-desodorante","15":"first","16":"instock","17":"shipping-taxable","18":"purchasable","19":"product-type-simple"},"_links":{"self":[{"href":"https:\/\/sfashionaccessories.com\/index.php?rest_route=\/wp\/v2\/product\/25868","targetHints":{"allow":["GET"]}}],"collection":[{"href":"https:\/\/sfashionaccessories.com\/index.php?rest_route=\/wp\/v2\/product"}],"about":[{"href":"https:\/\/sfashionaccessories.com\/index.php?rest_route=\/wp\/v2\/types\/product"}],"replies":[{"embeddable":true,"href":"https:\/\/sfashionaccessories.com\/index.php?rest_route=%2Fwp%2Fv2%2Fcomments&post=25868"}],"wp:featuredmedia":[{"embeddable":true,"href":"https:\/\/sfashionaccessories.com\/index.php?rest_route=\/wp\/v2\/media\/25870"}],"wp:attachment":[{"href":"https:\/\/sfashionaccessories.com\/index.php?rest_route=%2Fwp%2Fv2%2Fmedia&parent=25868"}],"wp:term":[{"taxonomy":"product_brand","embeddable":true,"href":"https:\/\/sfashionaccessories.com\/index.php?rest_route=%2Fwp%2Fv2%2Fproduct_brand&post=25868"},{"taxonomy":"product_cat","embeddable":true,"href":"https:\/\/sfashionaccessories.com\/index.php?rest_route=%2Fwp%2Fv2%2Fproduct_cat&post=25868"},{"taxonomy":"product_tag","embeddable":true,"href":"https:\/\/sfashionaccessories.com\/index.php?rest_route=%2Fwp%2Fv2%2Fproduct_tag&post=25868"}],"curies":[{"name":"wp","href":"https:\/\/api.w.org\/{rel}","templated":true}]}}