{"id":25871,"date":"2026-04-13T21:14:32","date_gmt":"2026-04-13T12:14:32","guid":{"rendered":"https:\/\/sfashionaccessories.com\/?post_type=product&#038;p=25871"},"modified":"2026-04-13T21:19:25","modified_gmt":"2026-04-13T12:19:25","slug":"body-splash-tododia-morango-e-baunilha-dourada-200-ml-natura","status":"publish","type":"product","link":"https:\/\/sfashionaccessories.com\/?product=body-splash-tododia-morango-e-baunilha-dourada-200-ml-natura","title":{"rendered":"Body Splash Tododia Morango e Baunilha Dourada 200 ml- Natura"},"content":{"rendered":"<p class=\"text-xl font-medium\" tabindex=\"0\">Tododia Morango e Baunilha Dourada<\/p>\n<p tabindex=\"0\">fragr\u00e2ncia adocicada floral. as notas suculentas de morango se misturam ao gourmand quente da baunilha dourada.<\/p>\n<div class=\"relative flex\">\n<div class=\"flex gap-2 items-center\"><span class=\"text-sm font-bold\">um suspiro indulgente que evoca mem\u00f3rias doces.<\/span><\/div>\n<\/div>\n<div class=\"relative flex\">\n<div class=\"flex gap-2 items-center\">\n<p><strong>\u2022<\/strong>\u00a0sensa\u00e7\u00e3o de\u00a0<strong>frescor e leveza<\/strong>\u00a0que d\u00e1 o toque final ao cuidado de cada dia<\/p>\n<p><strong>\u2022<\/strong>\u00a0hidrata\u00e7\u00e3o leve da pele: mant\u00e9m a\u00a0<strong>hidrata\u00e7\u00e3o da pele<\/strong>\u00a0ao longo do dia<\/p>\n<p><strong>\u2022<\/strong>\u00a0uma experi\u00eancia sensorial\u00a0<strong>deliciosa e irresist\u00edvel<\/strong>, com a fragr\u00e2ncia adocicada floral que envolve e encanta<\/p>\n<p><strong>\u2022<\/strong>\u00a0as notas suculentas de\u00a0<strong>morango<\/strong>, combinadas com a\u00a0<strong>ameixa<\/strong>, revelam a sa\u00edda alegre. elas s\u00e3o equilibradas a um corpo floral que encanta com notas de\u00a0<strong>rosa e jasmim<\/strong>. o fundo \u00e9 indulgente e envolve com o calor gourmand da\u00a0<strong>baunilha dourada e s\u00e2ndalo<\/strong>.<\/p>\n<\/div>\n<\/div>\n","protected":false},"excerpt":{"rendered":"<p>Tododia Morango e Baunilha Dourada fragr\u00e2ncia adocicada floral. as notas suculentas de morango se misturam ao gourmand quente da baunilha dourada. um suspiro indulgente que evoca mem\u00f3rias doces. \u2022\u00a0sensa\u00e7\u00e3o de\u00a0frescor e leveza\u00a0que d\u00e1 o toque final ao cuidado de cada dia \u2022\u00a0hidrata\u00e7\u00e3o leve da pele: mant\u00e9m a\u00a0hidrata\u00e7\u00e3o da pele\u00a0ao longo do dia \u2022\u00a0uma experi\u00eancia sensorial\u00a0deliciosa [&hellip;]<\/p>\n","protected":false},"featured_media":25879,"comment_status":"open","ping_status":"closed","template":"","meta":{"_kadence_starter_templates_imported_post":false},"product_brand":[],"product_cat":[826,465,530,276,278,213,580,214,203,251,231],"product_tag":[412,272,234],"class_list":{"0":"post-25871","1":"product","2":"type-product","3":"status-publish","4":"has-post-thumbnail","6":"product_cat-agua-de-colonia","7":"product_cat-anuncios","8":"product_cat-body-splash","9":"product_cat-desodorante","10":"product_cat-desodorante-feminino","11":"product_cat-desodorantes-anti-transpirantes","12":"product_cat-destaques","13":"product_cat-hidratantes-cremes-corporal","14":"product_cat-natura-creme-oleo-sabonete-perfume","15":"product_cat-perfume-perfumes","16":"product_cat-perfumes-natura","17":"product_tag-body-splash","18":"product_tag-cosmeticos","19":"product_tag-natura","21":"first","22":"instock","23":"shipping-taxable","24":"purchasable","25":"product-type-simple"},"_links":{"self":[{"href":"https:\/\/sfashionaccessories.com\/index.php?rest_route=\/wp\/v2\/product\/25871","targetHints":{"allow":["GET"]}}],"collection":[{"href":"https:\/\/sfashionaccessories.com\/index.php?rest_route=\/wp\/v2\/product"}],"about":[{"href":"https:\/\/sfashionaccessories.com\/index.php?rest_route=\/wp\/v2\/types\/product"}],"replies":[{"embeddable":true,"href":"https:\/\/sfashionaccessories.com\/index.php?rest_route=%2Fwp%2Fv2%2Fcomments&post=25871"}],"wp:featuredmedia":[{"embeddable":true,"href":"https:\/\/sfashionaccessories.com\/index.php?rest_route=\/wp\/v2\/media\/25879"}],"wp:attachment":[{"href":"https:\/\/sfashionaccessories.com\/index.php?rest_route=%2Fwp%2Fv2%2Fmedia&parent=25871"}],"wp:term":[{"taxonomy":"product_brand","embeddable":true,"href":"https:\/\/sfashionaccessories.com\/index.php?rest_route=%2Fwp%2Fv2%2Fproduct_brand&post=25871"},{"taxonomy":"product_cat","embeddable":true,"href":"https:\/\/sfashionaccessories.com\/index.php?rest_route=%2Fwp%2Fv2%2Fproduct_cat&post=25871"},{"taxonomy":"product_tag","embeddable":true,"href":"https:\/\/sfashionaccessories.com\/index.php?rest_route=%2Fwp%2Fv2%2Fproduct_tag&post=25871"}],"curies":[{"name":"wp","href":"https:\/\/api.w.org\/{rel}","templated":true}]}}