{"id":25904,"date":"2026-04-13T21:58:50","date_gmt":"2026-04-13T12:58:50","guid":{"rendered":"https:\/\/sfashionaccessories.com\/?post_type=product&#038;p=25904"},"modified":"2026-04-13T21:58:50","modified_gmt":"2026-04-13T12:58:50","slug":"sabonete-em-barra-puro-vegetal-cremoso-ekos-ucuuba-natura","status":"publish","type":"product","link":"https:\/\/sfashionaccessories.com\/?product=sabonete-em-barra-puro-vegetal-cremoso-ekos-ucuuba-natura","title":{"rendered":"Sabonete em Barra Puro Vegetal Cremoso Ekos Ucuuba -Natura"},"content":{"rendered":"<div class=\"relative flex\">\n<div class=\"flex gap-2 items-center\"><span class=\"text-sm font-bold\">pele limpa e bem cuidada com a pot\u00eancia antiflacidez da ucuuba.<\/span><\/div>\n<\/div>\n<div class=\"relative flex\">\n<div class=\"flex gap-2 items-center\">\n<p><strong>\u2022<\/strong>\u00a0seu sabonete em barra favorito mudou, mas continua com textura e fragr\u00e2ncia deliciosas<\/p>\n<p><strong>\u2022<\/strong>\u00a0sabonete corporal cremoso que\u00a0<strong>limpa sem ressecar<\/strong><\/p>\n<p><strong>\u2022 perfuma<\/strong>\u00a0o corpo com a cl\u00e1ssica fragr\u00e2ncia de Ekos Ucuuba<\/p>\n<p><strong>\u2022<\/strong>\u00a0sabonete vegano que\u00a0<strong>mant\u00e9m a hidrata\u00e7\u00e3o<\/strong>\u00a0natural da pele<\/p>\n<p><strong>\u2022<\/strong>\u00a0feito com manteiga de ucuuba, rica em trimiristina, que estimula a produ\u00e7\u00e3o de\u00a0<strong>e elastina<\/strong><\/p>\n<p class=\"text-xl lg:text-2xl max-lg:font-medium\" tabindex=\"0\">ritual de cuidados para uma pele com 2 vezes mais elastina e pela floresta em p\u00e9<\/p>\n<p tabindex=\"0\">para o corpo, Ekos Ucuuba \u00e9 pot\u00eancia antiflacidez. com manteiga bruta de uccuba, estimula a produ\u00e7\u00e3o de col\u00e1geno e elastina, retonificando a pele. para a Amaz\u00f4nia, \u00e9 regenera\u00e7\u00e3o. a \u00e1rvore que estava em risco de extin\u00e7\u00e3o agora t\u00eam seu valor reconhecido e gera renda para povos da floresta.<\/p>\n<\/div>\n<\/div>\n","protected":false},"excerpt":{"rendered":"<p>pele limpa e bem cuidada com a pot\u00eancia antiflacidez da ucuuba. \u2022\u00a0seu sabonete em barra favorito mudou, mas continua com textura e fragr\u00e2ncia deliciosas \u2022\u00a0sabonete corporal cremoso que\u00a0limpa sem ressecar \u2022 perfuma\u00a0o corpo com a cl\u00e1ssica fragr\u00e2ncia de Ekos Ucuuba \u2022\u00a0sabonete vegano que\u00a0mant\u00e9m a hidrata\u00e7\u00e3o\u00a0natural da pele \u2022\u00a0feito com manteiga de ucuuba, rica em trimiristina, [&hellip;]<\/p>\n","protected":false},"featured_media":25907,"comment_status":"open","ping_status":"closed","template":"","meta":{"_kadence_starter_templates_imported_post":false},"product_brand":[],"product_cat":[465,206,580,203,228],"product_tag":[272,329,234,191],"class_list":{"0":"post-25904","1":"product","2":"type-product","3":"status-publish","4":"has-post-thumbnail","6":"product_cat-anuncios","7":"product_cat-cosmeticos-cremes-hidradantesperfumes","8":"product_cat-destaques","9":"product_cat-natura-creme-oleo-sabonete-perfume","10":"product_cat-sabonete-sabonete-liquido-natura","11":"product_tag-cosmeticos","12":"product_tag-ekos","13":"product_tag-natura","14":"product_tag-sabonete","16":"first","17":"instock","18":"shipping-taxable","19":"purchasable","20":"product-type-simple"},"_links":{"self":[{"href":"https:\/\/sfashionaccessories.com\/index.php?rest_route=\/wp\/v2\/product\/25904","targetHints":{"allow":["GET"]}}],"collection":[{"href":"https:\/\/sfashionaccessories.com\/index.php?rest_route=\/wp\/v2\/product"}],"about":[{"href":"https:\/\/sfashionaccessories.com\/index.php?rest_route=\/wp\/v2\/types\/product"}],"replies":[{"embeddable":true,"href":"https:\/\/sfashionaccessories.com\/index.php?rest_route=%2Fwp%2Fv2%2Fcomments&post=25904"}],"wp:featuredmedia":[{"embeddable":true,"href":"https:\/\/sfashionaccessories.com\/index.php?rest_route=\/wp\/v2\/media\/25907"}],"wp:attachment":[{"href":"https:\/\/sfashionaccessories.com\/index.php?rest_route=%2Fwp%2Fv2%2Fmedia&parent=25904"}],"wp:term":[{"taxonomy":"product_brand","embeddable":true,"href":"https:\/\/sfashionaccessories.com\/index.php?rest_route=%2Fwp%2Fv2%2Fproduct_brand&post=25904"},{"taxonomy":"product_cat","embeddable":true,"href":"https:\/\/sfashionaccessories.com\/index.php?rest_route=%2Fwp%2Fv2%2Fproduct_cat&post=25904"},{"taxonomy":"product_tag","embeddable":true,"href":"https:\/\/sfashionaccessories.com\/index.php?rest_route=%2Fwp%2Fv2%2Fproduct_tag&post=25904"}],"curies":[{"name":"wp","href":"https:\/\/api.w.org\/{rel}","templated":true}]}}