{"id":3741,"date":"2022-05-06T16:35:43","date_gmt":"2022-05-06T07:35:43","guid":{"rendered":"https:\/\/sfashionaccessories.com\/?post_type=product&#038;p=3741"},"modified":"2024-10-03T13:54:49","modified_gmt":"2024-10-03T04:54:49","slug":"cropped-branco-com-logomania","status":"publish","type":"product","link":"https:\/\/sfashionaccessories.com\/?product=cropped-branco-com-logomania","title":{"rendered":"Pitbull Cropped Branco com Logomania"},"content":{"rendered":"<p><strong>Detalhes:<\/strong>\u00a0Cropped branco em malha leve e macia, que promove muito mais conforto, \u00e9 rica em elastano com logomania feita em silk de alto relevo prata. Presen\u00e7a de al\u00e7a dupla, bojo remov\u00edvel para sustenta\u00e7\u00e3o e malha laise com bordados vazados no c\u00f3s da blusa, que d\u00e1 mais delicadeza e feminilidade \u00e0 pe\u00e7a.<br \/>\n<strong>Cor:<\/strong>\u00a0branca.<\/p>\n<p><strong>Composi\u00e7\u00e3o:<\/strong>\u00a093% Viscose 7% Elastano.<\/p>\n<p>60899<\/p>\n","protected":false},"excerpt":{"rendered":"<p>&nbsp;<\/p>\n<p>&nbsp;<\/p>\n","protected":false},"featured_media":3738,"comment_status":"open","ping_status":"closed","template":"","meta":{"_kadence_starter_templates_imported_post":false},"product_brand":[],"product_cat":[172,43,153,293,28,254],"product_tag":[189,236,243],"class_list":{"0":"post-3741","1":"product","2":"type-product","3":"status-publish","4":"has-post-thumbnail","6":"product_cat-blusas-tops-e-camisetas","7":"product_cat-blusas-camisetas-femininas","8":"product_cat-casual","9":"product_cat-feminino","10":"product_cat-pit-bull","11":"product_cat-promocoes-descontos","12":"product_tag-blusas","13":"product_tag-camisetas","14":"product_tag-pitbull","16":"first","17":"instock","18":"sale","19":"shipping-taxable","20":"purchasable","21":"product-type-variable"},"_links":{"self":[{"href":"https:\/\/sfashionaccessories.com\/index.php?rest_route=\/wp\/v2\/product\/3741","targetHints":{"allow":["GET"]}}],"collection":[{"href":"https:\/\/sfashionaccessories.com\/index.php?rest_route=\/wp\/v2\/product"}],"about":[{"href":"https:\/\/sfashionaccessories.com\/index.php?rest_route=\/wp\/v2\/types\/product"}],"replies":[{"embeddable":true,"href":"https:\/\/sfashionaccessories.com\/index.php?rest_route=%2Fwp%2Fv2%2Fcomments&post=3741"}],"wp:featuredmedia":[{"embeddable":true,"href":"https:\/\/sfashionaccessories.com\/index.php?rest_route=\/wp\/v2\/media\/3738"}],"wp:attachment":[{"href":"https:\/\/sfashionaccessories.com\/index.php?rest_route=%2Fwp%2Fv2%2Fmedia&parent=3741"}],"wp:term":[{"taxonomy":"product_brand","embeddable":true,"href":"https:\/\/sfashionaccessories.com\/index.php?rest_route=%2Fwp%2Fv2%2Fproduct_brand&post=3741"},{"taxonomy":"product_cat","embeddable":true,"href":"https:\/\/sfashionaccessories.com\/index.php?rest_route=%2Fwp%2Fv2%2Fproduct_cat&post=3741"},{"taxonomy":"product_tag","embeddable":true,"href":"https:\/\/sfashionaccessories.com\/index.php?rest_route=%2Fwp%2Fv2%2Fproduct_tag&post=3741"}],"curies":[{"name":"wp","href":"https:\/\/api.w.org\/{rel}","templated":true}]}}